{"id":855,"date":"2016-01-05T14:34:03","date_gmt":"2016-01-05T13:34:03","guid":{"rendered":"http:\/\/amateursassocies.ch\/?page_id=855"},"modified":"2026-05-10T22:01:19","modified_gmt":"2026-05-10T20:01:19","slug":"historiquejuniors","status":"publish","type":"page","link":"https:\/\/amateursassocies.ch\/index.php\/historiquejuniors\/","title":{"rendered":"Historique"},"content":{"rendered":"<div class=\"fusion-fullwidth fullwidth-box fusion-builder-row-1 nonhundred-percent-fullwidth non-hundred-percent-height-scrolling\" style=\"--awb-background-position:left top;--awb-border-sizes-top:0px;--awb-border-sizes-bottom:0px;--awb-border-sizes-left:0px;--awb-border-sizes-right:0px;--awb-border-color:#313539;--awb-border-radius-top-left:0px;--awb-border-radius-top-right:0px;--awb-border-radius-bottom-right:0px;--awb-border-radius-bottom-left:0px;--awb-padding-top:20px;--awb-padding-bottom:20px;--awb-background-color:#313539;--awb-flex-wrap:wrap;\" ><div class=\"fusion-builder-row fusion-row\"><div class=\"fusion-layout-column fusion_builder_column fusion-builder-column-0 fusion_builder_column_1_1 1_1 fusion-one-full fusion-column-first fusion-column-last\" style=\"--awb-bg-color:#313539;--awb-bg-color-hover:#313539;--awb-bg-size:cover;\"><div class=\"fusion-column-wrapper fusion-flex-column-wrapper-legacy\"><div class=\"fusion-text fusion-text-1\"><p align=\"justify\">La troupe de th\u00e9\u00e2tre des Amateurs Associ\u00e9s (A.A.) a \u00e9t\u00e9 fond\u00e9e \u00e0 Riddes en 1979. En septembre 1996, soucieux de s\u2019assurer une bonne rel\u00e8ve de futur(e)s com\u00e9dien(ne)s, mais \u00e9galement pour permettre aux enfants de se familiariser avec l\u2019art et les plaisirs de la sc\u00e8ne, les A.A. mettent sur pieds des cours de th\u00e9\u00e2tre pour enfants et ados : l\u2019Atelier Juniors. L\u2019enseignement est bas\u00e9 sur des exercices visant \u00e0 d\u00e9velopper le travail du corps, de la voix, de la concentration, de l\u2019imaginaire, \u2026 Bref, tout ce qui est utile pour s\u2019\u00e9panouir sur une sc\u00e8ne.<\/p>\n<p align=\"justify\">L\u2019Atelier Juniors pr\u00e9sente chaque ann\u00e9e le r\u00e9sultat de son travail sous forme d\u2019un spectacle permettant \u00e0 chaque enfant de mettre ses acquis en pratique. C\u2019est \u00e9galement pour eux l\u2019occasion de se confronter aux r\u00e9alit\u00e9s de la sc\u00e8ne face \u00e0 un \u00ab vrai public \u00bb.<\/p>\n<\/div><div class=\"fusion-clearfix\"><\/div><\/div><\/div><\/div><\/div>\n","protected":false},"excerpt":{"rendered":"","protected":false},"author":1,"featured_media":0,"parent":0,"menu_order":0,"comment_status":"closed","ping_status":"closed","template":"","meta":{"_monsterinsights_skip_tracking":false,"_monsterinsights_sitenote_active":false,"_monsterinsights_sitenote_note":"","_monsterinsights_sitenote_category":0,"ngg_post_thumbnail":0,"footnotes":""},"class_list":["post-855","page","type-page","status-publish","hentry"],"aioseo_notices":[],"_links":{"self":[{"href":"https:\/\/amateursassocies.ch\/index.php\/wp-json\/wp\/v2\/pages\/855","targetHints":{"allow":["GET"]}}],"collection":[{"href":"https:\/\/amateursassocies.ch\/index.php\/wp-json\/wp\/v2\/pages"}],"about":[{"href":"https:\/\/amateursassocies.ch\/index.php\/wp-json\/wp\/v2\/types\/page"}],"author":[{"embeddable":true,"href":"https:\/\/amateursassocies.ch\/index.php\/wp-json\/wp\/v2\/users\/1"}],"replies":[{"embeddable":true,"href":"https:\/\/amateursassocies.ch\/index.php\/wp-json\/wp\/v2\/comments?post=855"}],"version-history":[{"count":2,"href":"https:\/\/amateursassocies.ch\/index.php\/wp-json\/wp\/v2\/pages\/855\/revisions"}],"predecessor-version":[{"id":2613,"href":"https:\/\/amateursassocies.ch\/index.php\/wp-json\/wp\/v2\/pages\/855\/revisions\/2613"}],"wp:attachment":[{"href":"https:\/\/amateursassocies.ch\/index.php\/wp-json\/wp\/v2\/media?parent=855"}],"curies":[{"name":"wp","href":"https:\/\/api.w.org\/{rel}","templated":true}]}}